 ten thousands digit of 918642416?
4
What is the hundreds digit of 123525036?
0
What is the millions digit of 35773332?
5
What is the millions digit of 726556679?
6
What is the tens digit of 1413294313?
1
What is the millions digit of 61123231?
1
What is the hundred millions digit of 1833021138?
8
What is the units digit of 53281189?
9
What is the millions digit of 57025019?
7
What is the hundred thousands digit of 4889805636?
8
What is the ten thousands digit of 2048372966?
7
What is the millions digit of 320559035?
0
What is the hundreds digit of 993858836?
8
What is the units digit of 192881523?
3
What is the hundreds digit of 657793638?
6
What is the hundreds digit of 1772067930?
9
What is the millions digit of 1121519337?
1
What is the hundreds digit of 7216302878?
8
What is the hundreds digit of 1377029037?
0
What is the hundred thousands digit of 99783186?
7
What is the hundred millions digit of 3128659121?
1
What is the hundreds digit of 64884699?
6
What is the hundred millions digit of 153396504?
1
What is the units digit of 2248653122?
2
What is the thousands digit of 115860626?
0
What is the millions digit of 4304831273?
4
What is the millions digit of 4718565036?
8
What is the hundred thousands digit of 3801870346?
8
What is the hundred thousands digit of 31567813?
5
What is the tens digit of 446622658?
5
What is the billions digit of 3727525916?
3
What is the hundred millions digit of 968306943?
9
What is the ten millions digit of 313179782?
1
What is the thousands digit of 1561849340?
9
What is the thousands digit of 498726434?
6
What is the billions digit of 1068148453?
1
What is the tens digit of 317582300?
0
What is the thousands digit of 33187454?
7
What is the hundred thousands digit of 811932881?
9
What is the ten millions digit of 1614756852?
1
What is the hundred millions digit of 265562557?
2
What is the millions digit of 581733407?
1
What is the units digit of 3643831472?
2
What is the hundred thousands digit of 475353574?
3
What is the ten thousands digit of 763649272?
4
What is the units digit of 44129997?
7
What is the ten thousands digit of 76143406?
4
What is the ten thousands digit of 83362295?
6
What is the hundreds digit of 521119514?
5
What is the hundred millions digit of 595315332?
5
What is the ten thousands digit of 1461766355?
6
What is the units digit of 57705103?
3
What is the ten millions digit of 36337003?
3
What is the ten thousands digit of 703696229?
9
What is the tens digit of 82174077?
7
What is the hundreds digit of 41560045?
0
What is the hundred thousands digit of 2928599275?
5
What is the hundreds digit of 364431?
4
What is the ten millions digit of 85895281?
8
What is the thousands digit of 141955774?
5
What is the ten millions digit of 65639870?
6
What is the hundreds digit of 1379482734?
7
What is the millions digit of 4200786540?
0
What is the hundreds digit of 1350676191?
1
What is the units digit of 6487463096?
6
What is the tens digit of 48323664?
6
What is the thousands digit of 2621480?
1
What is the ten thousands digit of 63432757?
3
What is the units digit of 134631082?
2
What is the ten millions digit of 50385984?
5
What is the hundred millions digit of 884460104?
8
What is the millions digit of 2871446421?
1
What is the thousands digit of 7931612282?
2
What is the units digit of 129782639?
9
What is the millions digit of 65173812?
5
What is the units digit of 277842578?
8
What is the tens digit of 483448109?
0
What is the ten millions digit of 380455590?
8
What is the ten millions digit of 73655490?
7
What is the hundreds digit of 655804873?
8
What is the thousands digit of 81454750?
4
What is the hundred millions digit of 141786192?
1
What is the hundred thousands digit of 100313764?
3
What is the thousands digit of 48930045?
0
What is the ten millions digit of 1075403033?
7
What is the hundreds digit of 1128166448?
4
What is the ten thousands digit of 116120021?
2
What is the millions digit of 11357070?
1
What is the hundreds digit of 943049907?
9
What is the ten millions digit of 857276909?
5
What is the hundred thousands digit of 288326997?
3
What is the ten thousands digit of 19205848?
0
What is the hundreds digit of 71422847?
8
What is the ten thousands digit of 98584169?
8
What is the units digit of 114765840?
0
What is the ten millions digit of 12098434?
1
What is the thousands digit of 90937359?
7
What is the thousands digit of 44998448?
8
What is the thousands digit of 103419853?
9
What is the thousands digit of 87795688?
5
What is the tens digit of 410011926?
2
What is the ten thousands digit of 91722814?
2
What is the ten thousands digit of 41007402?
0
What is the ten millions digit of 489234644?
8
What is the ten thousands digit of 2224192654?
9
What is the hundreds digit of 13732689?
6
What is the millions digit of 261497729?
1
What is the hundreds digit of 5350433712?
7
What is the thousands digit of 41057223?
7
What is the millions digit of 2733119770?
3
What is the hundred thousands digit of 625393878?
3
What is the ten thousands digit of 64011622?
1
What is the hundreds digit of 84904074?
0
What is the thousands digit of 11438197?
8
What is the hundreds digit of 254627395?
3
What is the hundreds digit of 504090046?
0
What is the thousands digit of 38135972?
5
What is the tens digit of 41136178?
7
What is the millions digit of 607092119?
7
What is the hundreds digit of 111548740?
7
What is the thousands digit of 1518974131?
4
What is the tens digit of 222408223?
2
What is the hundreds digit of 3207437901?
9
What is the units digit of 616564495?
5
What is the units digit of 267905038?
8
What is the units digit of 128776018?
8
What is the thousands digit of 365421139?
1
What is the hundred thousands digit of 3660078289?
0
What is the thousands digit of 33878407?
8
What is the ten millions digit of 3885862363?
8
What is the thousands digit of 276406757?
6
What is the ten thousands digit of 1952030827?
3
What is the billions digit of 5715854833?
5
What is the hundreds digit of 22864153?
1
What is the hundred thousands digit of 1237095610?
0
What is the thousands digit of 3396316627?
6
What is the tens digit of 97198672?
7
What is the units digit of 909327977?
7
What is the hundreds digit of 648657715?
7
What is the tens digit of 560506752?
5
What is the units digit of 354243441?
1
What is the units digit of 57682778?
8
What is the hundreds digit of 941710815?
8
What is the thousands digit of 401039196?
9
What is the thousands digit of 4351476821?
6
What is the hundred thousands digit of 21676169?
6
What is the hundred millions digit of 131850853?
1
What is the hundreds digit of 166304043?
0
What is the units digit of 58588752?
2
What is the hundreds digit of 217399933?
9
What is the units digit of 116481125?
5
What is the tens digit of 4241476?
7
What is the tens digit of 5268471344?
4
What is the thousands digit of 74684601?
4
What is the units digit of 40139903?
3
What is the tens digit of 11928132?
3
What is the units digit of 7020376538?
8
What is the tens digit of 132539867?
6
What is the millions digit of 364810878?
4
What is the ten millions digit of 459311784?
5
What is the thousands digit of 119166341?
6
What is the thousands digit of 242489169?
9
What is the thousands digit of 10243730?
3
What is the thousands digit of 109878929?
8
What is the thousands digit of 29104188?
4
What is the millions digit of 3081168414?
1
What is the tens digit of 45719087?
8
What is the hundred millions digit of 491366351?
4
What is the ten millions digit of 2016886100?
1
What is the hundred thousands digit of 10299566?
2
What is the billions digit of 1988638853?
1
What is the units digit of 1338614870?
0
What is the hundred thousands digit of 1176081990?
0
What is the hundred thousands digit of 364351932?
3
What is the tens digit of 2367262149?
4
What is the millions digit of 9058667?
9
What is the ten millions digit of 1892718044?
9
What is the hundred millions digit of 2531021335?
5
What is the millions digit of 19678821?
9
What is the millions digit of 1356196?
1
What is the hundreds digit of 76188788?
7
What is the units digit of 377304157?
7
What is the ten millions digit of 101069172?
0
What is the units digit of 56533479?
9
What is the ten thousands digit of 2976698